 - 4*o - 173 = 3, 0 = -3*o - 3. What is the units digit of y?
2
Suppose 0 = 138*r - 153*r + 41310. What is the thousands digit of r?
2
Let z = 1833 - 124. What is the thousands digit of z?
1
Let p(h) = 2*h + 3. Suppose 4*b + 4*w + 1 = 33, 1 = 2*b - w. Let v be p(b). What is the units digit of 330/v - (-1)/3?
7
Suppose 14*b = 11089 + 5109. What is the tens digit of b?
5
Let s(x) = -x**2 - 7*x - 3. Suppose h - 2 = -5*n, 4*h + 5*n + 4 = h. Let m be s(h). Let p = m - -24. What is the units digit of p?
3
Let m be (-10)/(-15) - (-39)/9. Suppose 4*w - 5*v = 30, 5 = 3*w + m*v - 0*v. What is the tens digit of (7 - 21)*w/(-2)?
3
Let f(m) = -2*m - 7. Let t(v) = 2*v**2 + 21*v + 23. Let u(x) = -x**2 - 10*x - 11. Let o(n) = -2*t(n) - 5*u(n). Let r be o(-4). What is the units digit of f(r)?
7
What is the units digit of 8175/(-50)*(-6)/3?
7
Suppose -2*g = -6*g + 84. What is the units digit of ((-6)/4)/(g/(-728))?
2
Suppose -5*k - 6*a + 36 = -2*a, -a + 4 = 0. Suppose -k*i + 6*i = 8. Suppose -i*g = -3*m - 33, -3 = -6*m + 3*m. What is the units digit of g?
9
Suppose 22 = y - 5*g, y + 2*g = 6*y - 18. Suppose 3*a - 51 = -q - y*q, -9 = 3*q. What is the units digit of a?
0
Suppose 0*x = 5*y + 2*x - 1312, y = -5*x + 267. What is the units digit of y?
2
Let j = -466 - -728. What is the hundreds digit of j?
2
Let a = 42 - 55. Let v(z) = -12*z - 45. What is the hundreds digit of v(a)?
1
Let j = -1321 + 3621. What is the tens digit of j?
0
What is the thousands digit of (5 - 1194/9)*(-14 - -2)?
1
Let q(d) = d**3 - 20*d**2 - 38*d + 35. What is the tens digit of q(22)?
6
What is the tens digit of (-72)/(-90) - (-5942)/10?
9
Let n = 19 + -14. Suppose -i + n = -0. Suppose 4*p = -i*z + 43, -6*z + 2*z - 37 = -p. What is the tens digit of p?
1
Suppose 0*o = 3*o - 591. Suppose -252 = -4*d - 4*s, -2*d + 5*s = d - o. What is the units digit of d?
4
Let s be ((-6)/4)/((-1)/(-2)). Let r be 1/(s + (-520)/(-172)). Let v = 16 + r. What is the tens digit of v?
5
Let a = 54 + -12. Let u = 66 - a. What is the tens digit of u?
2
Let v(m) = 27*m - 2*m**2 - 24*m - 23*m + m**2 + 19. What is the tens digit of v(-11)?
1
Let z(w) = -w**3 + 15*w**2 + 2*w + 45. What is the tens digit of z(15)?
7
What is the tens digit of 37/((-2)/4*(7 + -9))?
3
Let l = -7 - -15. What is the units digit of ((-16)/(-6))/(l/36)?
2
Let s be 1/(1/(-36)) + 2. Let a = -21 - s. What is the tens digit of a?
1
Suppose -200*n + 193*n = -2037. What is the hundreds digit of n?
2
Let n(r) = r**3 + 8*r**2 + 7*r - 3. Suppose -3*s - 23 = 2*v, 3*s - v - 5 = -25. Let u be n(s). Let l(b) = -8*b - 2. What is the tens digit of l(u)?
2
Suppose 0 = t - 5*t. Suppose 5*g = -5 - t. What is the tens digit of 8 - g*(5 + -2)?
1
Let z be 4*(9/(-2) + -4). Let v = z - -66. Let j = v - 6. What is the units digit of j?
6
Let y = 4 + -6. Let q be 3/y*16/(-6). Suppose 5*m - 5 = 0, 4*m + 3 + 1 = q*u. What is the units digit of u?
2
Suppose 0 = 5*o - 4*h - 8954, 0 = -3*o - 2*h + 5001 + 367. What is the hundreds digit of o?
7
Suppose 0 = -5*q + 2 + 18. Suppose -q*p = -4*y - 456, -4*p - 3*y - 133 + 575 = 0. What is the hundreds digit of p?
1
Let r be (-4)/(-6)*-6 + 0. What is the tens digit of -2 - (1/(-4) + 1059/r)?
6
Suppose 5*x + 120 = 3*y, -7 = -y - 3*x + 19. Let r(u) = -17*u**2 - 1. Let p be r(-1). Let f = y + p. What is the units digit of f?
7
Let t(i) be the third derivative of i**6/120 + i**5/12 - 5*i**4/12 + i**3/3 + 16*i**2. What is the tens digit of t(4)?
0
Let w = -2904 - -4326. What is the tens digit of w?
2
Let w(i) = 18*i**2 - 2*i - 33. What is the tens digit of w(7)?
3
What is the tens digit of 665/(-266)*(-6488)/10?
2
Suppose -3784 = -521*l + 513*l. What is the tens digit of l?
7
Let s be 96/2 - (-4 - -3). Let q = 54 + s. What is the tens digit of q?
0
Let d = 24 - 26. What is the tens digit of (-148)/(-5) - d/5?
3
Let s(v) = -v**3 + 8*v**2 - 7*v + 1. Suppose -13 = -2*i + 1. Let y be s(i). Let z = 19 + y. What is the units digit of z?
0
Suppose -5*u - 27 = 3*m, 4 = -0*m - m. Let x be (28/(-12))/(1/u). Suppose -l = -n - 9, 15 = 2*n - x*n. What is the units digit of l?
6
Let w = -24 - -25. Suppose l = 3 - w. What is the units digit of (28 - 1) + (4 - l)?
9
Suppose 4*t + 2*l = -l + 2128, 3*t - 1579 = 2*l. What is the hundreds digit of t?
5
Let b(p) = p**2 + 7*p - 12. Let a be b(-9). Suppose -f + 14 = a. What is the units digit of f?
8
Suppose 32*l - 3073 - 12575 = 0. What is the units digit of l?
9
Let l(y) = 16*y**2 - 10*y + 13. Let w be l(5). Let j = w - 139. Let f = j + -152. What is the units digit of f?
2
Suppose 146 = -5*w + u - 42, 3*u = 9. Let m be (-1)/((2/146*1)/(-1)). Let b = w + m. What is the units digit of b?
6
Let x be (-1)/3 - (-28)/3. Let m = x - 3. What is the units digit of (m/4)/(2/28)?
1
Suppose 34574 - 102524 = -50*t. What is the units digit of t?
9
What is the hundreds digit of (3774/(-136))/((-6)/256)?
1
What is the tens digit of (-18)/42 - (-2453)/7?
5
Let z = -6 - -16. Let g = z + -10. Suppose -5*n + g*n = -35. What is the units digit of n?
7
Suppose -c - 5*l = -688, 3*c - 95 - 1969 = -l. Suppose y - 9*y + c = 0. What is the units digit of y?
6
What is the hundreds digit of 866*((-13)/(-2))/13?
4
What is the units digit of 3*9160/72 + 2/(-3)?
1
Let w(n) = 193*n + 92. What is the hundreds digit of w(17)?
3
Let r = 30 + -26. Suppose -r*l = 2*l - 198. Let z = l - 18. What is the units digit of z?
5
Suppose 0 = 30*j - 41531 - 17119. What is the thousands digit of j?
1
Suppose 34*a = 45*a + 22. Let h = 0 - 0. What is the units digit of (a*33)/(-2 - h)?
3
Let c(w) = 2*w - 6. Let j be c(5). Suppose p - 42 = 3*p - 3*g, 31 = -p + j*g. Let m = p - -29. What is the tens digit of m?
1
Suppose -8*s + 10*s - 8 = 0. Suppose -3*a = h - 25, 3*h - s*a - 25 = -3*a. Suppose -o - h = -53. What is the tens digit of o?
4
Let d(b) = b**2 + 7*b + 3. Let h be d(-7). Suppose 5*q = 4*c - 429, -1 = h*q - 10. What is the units digit of c?
1
What is the tens digit of (-4)/30 - (59766/(-45) + -4)?
3
Suppose v = -5*c + 1345, 17*c - 13*c = -5*v + 6704. What is the hundreds digit of v?
3
Let u(t) = 4*t**2 + 23*t - 2. What is the tens digit of u(-13)?
7
What is the units digit of ((-680)/(-408))/((-1)/(-1353))?
5
Let u = 44 + -18. Suppose -4*r = 5*h - u + 6, r - 5 = 0. What is the tens digit of (48 + -1 - h) + -3?
4
Suppose -5*a - 240 = f - 3985, -4*f = 4*a - 3012. What is the tens digit of a?
4
Let l(a) be the second derivative of -5*a + 0 - 1/12*a**4 - 4*a**2 - 2*a**3. What is the units digit of l(-7)?
7
Suppose -t + 5*u - 5 = 4*u, -2*t - u = -2. Let x be (48/10)/((-5)/50*3). What is the units digit of (124/x)/(t/4)?
1
Let u(y) = 1991*y + 270. What is the thousands digit of u(2)?
4
Suppose -43 = -u + m, -3*u + 15*m - 17*m + 154 = 0. Suppose -5*q + 4 + 1 = -5*b, 11 = 5*q - 3*b. Suppose -q*z + 0*z = -u. What is the tens digit of z?
1
Let i = -853 - -1709. What is the hundreds digit of i?
8
Suppose -3*k + 75 - 36 = 0. Suppose 0 = 4*x - k - 7. What is the units digit of x?
5
Suppose -9*b + 5*b = 4*g - 2768, 3465 = 5*b + 4*g. What is the tens digit of b?
9
What is the hundreds digit of (-76)/(-95) + (-1 - 22221/(-5))?
4
Let g(s) = -s**2 + 7*s - 6. Let a be g(4). Suppose -5*d = -a*d + 21. What is the tens digit of d?
2
Let s(a) = 2*a**2 + 11*a - 7. Let c be s(-8). Let k = -38 + 60. Let u = c - k. What is the tens digit of u?
1
Suppose 3*w = 2*w + 5*y + 479, -5*y + 439 = w. What is the tens digit of w?
5
Let n be 4 + (-2 - -2) + -2. Suppose -11*x = n*x - 3458. What is the tens digit of x?
6
Let i(z) = 31*z**2 - 6*z + 25. What is the units digit of i(5)?
0
Let q(p) = 7*p**2 + p - 4. What is the units digit of q(9)?
2
Let i(v) = v**3 + 4*v**2 + v + 6. Let p(z) = -3*z**3 - 11*z**2 - 4*z - 17. Let r(h) = 8*i(h) + 3*p(h). Let q = 232 + -235. What is the tens digit of r(q)?
2
Let f = 7804 - 4004. What is the thousands digit of f?
3
Suppose 0 = 7*r - 14. Suppose -3*l = -r*l - 26. What is the tens digit of l?
2
Let j be ((-2)/(-2)*2)/1. Let b(k) = -4*k**3 + 2*k**2 - 2*k. Let d be b(j). What is the units digit of 1 + (-7)/(d/12)?
4
Let n(z) = 22*z - 14. What is the units digit of n(8)?
2
Let m = 1 + 1. Suppose 0 = -4*i + 2*c + 162, i - m*i - 4*c = -45. What is the units digit of i?
1
Let z = -68 + 73. Let c(p) = 10*p**2 + 0*p**3 - 1 - 4*p**2 - 4*p - p**3. Wha